 4*w + 4*c + 18 = 70, -w + 5*c = -19. What is the units digit of (4/(-14))/(w/(-49))?
1
Suppose -5*a = 2*r - 87, 5*r - 3*r + 2*a - 102 = 0. What is the tens digit of r?
5
Let r(q) = -q**3 - 7*q**2 + 3. Let m be r(-7). Suppose -49 = -2*h - m. What is the tens digit of h?
2
Let g(f) = f**2 - 9*f - 25. What is the hundreds digit of g(17)?
1
Let y be ((-6)/9)/((-1)/3). Suppose -y*n + 7*n - 30 = 0. What is the units digit of n?
6
Let x = 52 - -14. What is the tens digit of x?
6
Suppose 3*v - 5*j = -0*v + 21, -2*v + 13 = -3*j. Let q(i) = 3 + 2*i**3 - v*i + 1 - 3. What is the units digit of q(1)?
1
Let c = 203 - -75. What is the tens digit of c?
7
Suppose -7*l + 194 = 75. What is the units digit of l?
7
Let u = 5 - 3. Suppose -6*x - 68 = -u*x. Let g = 30 + x. What is the units digit of g?
3
Let w(i) = 5*i - 5. Let r(b) = b**3 + 2*b**2 - 3*b - 4. Let m be r(-2). What is the units digit of w(m)?
5
Suppose -5*x - 5*m + 145 = 0, 8*m = 3*m + 20. Suppose 4*a + 59 = c + 4, x = -2*a + 3*c. What is the units digit of (-4)/a + 25/35?
1
Suppose 2*q = 2*z - 6, 4*z - 3*q - 4 = 2*z. Suppose -5*v = 5*j - 35, -v - 1 = -j + 2. Suppose 3 - 6 = s - j*o, -z*s + 45 = 5*o. What is the units digit of s?
7
What is the units digit of (-214)/(-30) + -2 + (-56)/(-30)?
7
Suppose -2*n - n = -v - 3, -n + 6 = -2*v. Let d(l) = -19*l - 2. Let h be d(v). Suppose -5*j + h = -0. What is the units digit of j?
1
Suppose -2*t + 12 = -2*v, -t + 4*v = 5*v - 16. Let y = 12 + t. What is the units digit of y?
3
Suppose 0 = 3*z - z + 10, -4*z - 8 = -2*i. Let s be (-236)/(-6)*i/(-4). Suppose -5*a + 36 = -s. What is the tens digit of a?
1
Suppose -q - 3*x + 5 = -4, -2*q - 5*x = -16. Let b(d) = 2*d + 3. Let j be b(q). Suppose o - j = 3. What is the units digit of o?
2
Suppose 101 = 2*z - 3*b - 0*b, -2*b - 190 = -4*z. Let s = 82 - z. What is the units digit of s?
6
Let w(l) = -l**2 - 13*l - 7. Let a be w(-12). Suppose 4*d - 255 = -5*f, -3*d - d + a*f = -225. What is the tens digit of d?
6
Let s = 27 + -17. Let h be (-7)/(-4)*(-4 + 0). Let r = s + h. What is the units digit of r?
3
Let c(w) = -w**2 + w - 3. Let z be c(0). Let h be (-3 + 0)/(z/(-8)). What is the units digit of (-3 - h) + (-1 - -1)?
5
Let l = -30 - -66. What is the tens digit of ((-4)/(-6))/(2/l)?
1
What is the tens digit of 18 - -3*(-16)/12?
1
Suppose 3*y + p = 18, p - 2 + 26 = 4*y. Suppose 3*d = y + 9. What is the tens digit of (-2)/(-3)*120/d?
1
Let f = 10 + -8. Let w = 16 + f. What is the units digit of w?
8
Let l(b) = b**3 + 3*b**2 - 1. Let a be l(-2). Let w be a/9 + (-8)/(-12). Let n = 5 - w. What is the units digit of n?
4
Suppose -l = 3*l. What is the tens digit of l + 13 + 2/(-1)?
1
Suppose -g - 24 = -4*g. Suppose 0 = 2*q + 3*q - 3*l - 6, g = -q - 4*l. Suppose 3*h + 0*h - 12 = q. What is the units digit of h?
4
Suppose -2*c - 23 = -h, h + 5*c + 0*c = -12. What is the units digit of h?
3
Let j(b) = -b - 2. Let y(k) = -k - 2. Let s be y(1). What is the units digit of j(s)?
1
Let o(t) = -t**2 - 6*t + 4. Let l be (-4)/24 - 70/12. Let b be o(l). Suppose 5*n = 4*q - 3 - 26, -23 = -b*q - n. What is the units digit of q?
6
Let n = 0 - 2. Let p be (-10 + (1 - 3))*n. Suppose 2*h - p = -0*h. What is the tens digit of h?
1
Let s(x) = x**3 - 2*x**2 - x + 4. Let u = -13 - -18. Suppose 0 = -4*d + u*h + 7, -d + 2 = 3*h - 4. What is the units digit of s(d)?
0
Let u = 1 - -3. Suppose 14 + 18 = 2*w. Suppose -4*n = 4*z - 2*n - w, -u*n = 0. What is the units digit of z?
4
Let m = 76 + 2. What is the units digit of m?
8
Let i(v) = -5*v + 16. Let h be (-6)/4*6 - -2. What is the tens digit of i(h)?
5
Let v(g) = -g**3 - 5*g**2 + 3*g - 5. Let z be ((-2)/(-4))/((-4)/48). Let u be v(z). What is the units digit of u/4 + (-3)/12?
3
What is the tens digit of 20/90 - 160/(-9)?
1
Let v = -9 + 12. Suppose k - 4*f = 12 + 10, 5*k - v*f - 76 = 0. What is the units digit of k?
4
Let d = -4 + 4. Suppose -4*p = -d*p - 72. What is the units digit of p?
8
Let z be (-2)/(-9) - 183/(-27). Let d(m) = m - 4. What is the units digit of d(z)?
3
Suppose 2*p - 29 = 73. What is the units digit of p?
1
Suppose 2*s - 3*s = -4. Suppose -5*b = -3*b - s. What is the units digit of 0 - -2*b/4?
1
Suppose -2 = 2*h - h. Let n(s) = 5*s**2 + 2*s + 1. What is the tens digit of n(h)?
1
Suppose 0*r = -r - 4, 0 = 3*i + r + 16. Let w(u) = -u - 5 + 0*u - 2*u. What is the units digit of w(i)?
7
What is the units digit of 440/75 + 2/15?
6
Let a = 10 + -6. Suppose 9*o - 30 = a*o. Suppose 3*u + 2*g - 30 = 6, o = 2*g. What is the units digit of u?
0
Suppose -h = 5*n - 332, -n + 50 = -5*h - 6. Suppose -3*y = 0, 0*o - 3*o - 3*y = -n. What is the tens digit of o?
2
Let u be ((-1 - 14)/(-3))/1. Suppose -50 = -5*g - u. What is the units digit of g?
9
Suppose -3*o + 37 = 2*r, -4*o = -2*o - 4*r - 46. Let p be o/(-10) + (-18)/(-4). Suppose 14 = -p*j + 17. What is the units digit of j?
1
What is the tens digit of (-21)/(-14)*(-2)/(-3) - -32?
3
Suppose -6*s + 4*s + 58 = 0. What is the units digit of s?
9
Suppose -2 - 2 = -y. Suppose 5*j - y*f = 2, 5*f = -0*j + j + 8. What is the units digit of j?
2
Suppose -3*j + 3 = 3*k, 4*j - j - 5*k - 35 = 0. Let f = -4 + j. What is the units digit of f?
1
Suppose -g + 8 = -5*g - 4*i, 8 = 5*g - 4*i. Let c = 3 + g. Suppose 4*l - c - 1 = 0. What is the units digit of l?
1
What is the tens digit of -6*(-2 - (-13)/(-2))?
5
Suppose -2*x + 2*m = -2, x + 2*m = 1 + 3. Let j be (30/25)/(x/(-5)). What is the units digit of 25/4 - j/(-12)?
6
What is the units digit of 3 + -6*84/(-9)?
9
Let z(v) = v + 1. Let f be z(-2). Let r = 4 + f. Suppose -r*m - 3 = -27. What is the units digit of m?
8
Let j = 414 + -198. What is the units digit of j?
6
Let g(n) be the first derivative of -n**4/24 + 3*n**3/2 - 3*n**2/2 - 3. Let p(t) be the second derivative of g(t). What is the units digit of p(8)?
1
Let r be 2/((-4)/18*-3). Suppose 5*h + r*z + 21 = 3, -2 = 2*z. What is the units digit of (-28)/h + 1/(-3)?
9
Suppose c - 2*c + 2*z = -9, z = -c. Suppose 4*a + 97 = 3*n, 0 = -n + c*a - a + 33. What is the tens digit of n?
3
Let m = 15 - 15. Let o(n) = -n**3 - n**2 + 3. What is the units digit of o(m)?
3
What is the tens digit of (-1204)/(-21) - (-1)/(-3)?
5
Suppose -2*h = -0*h - 6. Suppose -h*j - 4*m = -4*j, -5*j + 44 = 2*m. What is the units digit of j?
8
Let p = 98 - 50. Suppose p = i + 3*i. What is the tens digit of i?
1
Let i = -14 - -43. Suppose -2*d + i = -d. What is the units digit of d?
9
Suppose 10 = j - 3*f, 0*f - f = 2*j - 20. What is the tens digit of j?
1
Let c(s) = s**3 + 19*s**2 + 25*s + 38. What is the hundreds digit of c(-17)?
1
Let v(l) = 4*l - 6. What is the units digit of v(2)?
2
Suppose 4*j - 45 - 3 = 0. Suppose 4*n - j - 16 = -4*b, -3*n + 2*b + 11 = 0. What is the units digit of n?
5
Let z(a) = a**2 + 3*a - 2. Let n be z(-6). Suppose 5*o + 3*d = -17, 2*o - 4*d + 2 = n. Let t(r) = -2*r**3 - r**2 + 1. What is the units digit of t(o)?
2
Let a be -3*(-1*2 - -1). Suppose -3*l + 16 = -5*s - 1, -5 = -2*l - a*s. Suppose -10 = -l*n - 2. What is the units digit of n?
2
Let w(j) = j**3 - 6*j**2 + 3*j - 9. Let f be w(6). Suppose -3*x + 3 = -f. What is the units digit of x?
4
What is the tens digit of (26/6)/(4/36)?
3
Let r(q) = -q + 5. Let m be r(0). Suppose -2*f + m = -3. What is the units digit of f?
4
Suppose q - 276 = 3*d - 8*d, 2*d - 2*q = 120. What is the units digit of d?
6
Let i be (4/6)/((-4)/12). Let d = 3 - i. Let w(z) = z**3 - 4*z**2 - 3*z - 2. What is the units digit of w(d)?
8
Suppose -4*m + 7*m - 3 = 0. Let k = 1 - m. Suppose 2*w - 4 + k = 0. What is the units digit of w?
2
Suppose 2*n = -n + 6. Suppose 0 = -n*u - 0*u + 62. What is the tens digit of u?
3
Let j(q) = q**3 + 9*q**2 + 2*q + 1. What is the tens digit of j(-8)?
4
Suppose 2*d - 2*j = 40, -3*d - 5*j + 0*j = -28. What is the tens digit of d?
1
Suppose 3*s = -4*o - 12, -o - 4*s - 2 = 2*o. What is the units digit of (o/(-9))/((-1)/(-21))?
4
Let x be (-4 - -1) + -1 + 1. What is the units digit of -1*(0 + 3/x)?
1
Suppose -2*k + 5*k = -4*c + 62, -k + 5*c - 11 = 0. Suppose -3*t + b + 5 = -0*t, 0 = 2*t + 2*b - k. What is the units digit of t?
3
Let t(d) = 49*d - 7. What is the units digit of t(1)?
2
Suppose 4*s + 3*s - 581 = 0. What is the tens digit of s?
8
Suppose -2*u + q + 2 = -3*u, -2*u = -q + 4. What is the units